{"id":355,"date":"2025-04-18T10:09:03","date_gmt":"2025-04-18T08:09:03","guid":{"rendered":"http:\/\/kktcvhd.cluster100.hosting.ovh.net\/?page_id=355"},"modified":"2025-06-18T15:42:38","modified_gmt":"2025-06-18T13:42:38","slug":"revue-litteraire-2-2","status":"publish","type":"page","link":"https:\/\/laplumequiraconte.fr\/index.php\/revue-litteraire-2-2\/","title":{"rendered":"Contact"},"content":{"rendered":"\t\t<div data-elementor-type=\"wp-page\" data-elementor-id=\"355\" class=\"elementor elementor-355\" data-elementor-post-type=\"page\">\n\t\t\t\t<div class=\"elementor-element elementor-element-6bf8e52 e-con-full e-flex e-con e-parent\" data-id=\"6bf8e52\" data-element_type=\"container\" data-settings=\"{&quot;background_background&quot;:&quot;classic&quot;}\">\n\t\t<div class=\"elementor-element elementor-element-137b7f7f e-con-full e-flex e-con e-child\" data-id=\"137b7f7f\" data-element_type=\"container\" data-settings=\"{&quot;background_background&quot;:&quot;classic&quot;}\">\n\t\t\t\t<div class=\"elementor-element elementor-element-9aa4661 elementor-widget elementor-widget-heading\" data-id=\"9aa4661\" data-element_type=\"widget\" data-widget_type=\"heading.default\">\n\t\t\t\t<div class=\"elementor-widget-container\">\n\t\t\t\t\t<h2 class=\"elementor-heading-title elementor-size-default\">La plume qui raconte<\/h2>\t\t\t\t<\/div>\n\t\t\t\t<\/div>\n\t\t\t\t<div class=\"elementor-element elementor-element-20e84e57 elementor-widget elementor-widget-spacer\" data-id=\"20e84e57\" data-element_type=\"widget\" data-widget_type=\"spacer.default\">\n\t\t\t\t<div class=\"elementor-widget-container\">\n\t\t\t\t\t\t\t<div class=\"elementor-spacer\">\n\t\t\t<div class=\"elementor-spacer-inner\"><\/div>\n\t\t<\/div>\n\t\t\t\t\t\t<\/div>\n\t\t\t\t<\/div>\n\t\t\t\t<div class=\"elementor-element elementor-element-1ad2a6b0 elementor-widget__width-inherit elementor-widget elementor-widget-text-editor\" data-id=\"1ad2a6b0\" data-element_type=\"widget\" data-widget_type=\"text-editor.default\">\n\t\t\t\t<div class=\"elementor-widget-container\">\n\t\t\t\t\t\t\t\t\t<p>Bienvenue dans un coin d\u2019\u00e9criture sans \u00e9tiquettes, o\u00f9 je partage\u00a0<br \/>ce qui me touche, m\u2019amuse ou me fait r\u00e9fl\u00e9chir, au fil des jours et des envies.<\/p>\t\t\t\t\t\t\t\t<\/div>\n\t\t\t\t<\/div>\n\t\t\t\t<div class=\"elementor-element elementor-element-5570a7c2 elementor-widget elementor-widget-spacer\" data-id=\"5570a7c2\" data-element_type=\"widget\" data-widget_type=\"spacer.default\">\n\t\t\t\t<div class=\"elementor-widget-container\">\n\t\t\t\t\t\t\t<div class=\"elementor-spacer\">\n\t\t\t<div class=\"elementor-spacer-inner\"><\/div>\n\t\t<\/div>\n\t\t\t\t\t\t<\/div>\n\t\t\t\t<\/div>\n\t\t\t\t<\/div>\n\t\t\t\t<\/div>\n\t\t<div class=\"elementor-element elementor-element-52fcb303 e-con-full e-flex e-con e-parent\" data-id=\"52fcb303\" data-element_type=\"container\" data-settings=\"{&quot;background_background&quot;:&quot;classic&quot;}\">\n\t\t<div class=\"elementor-element elementor-element-30d68331 e-con-full e-flex e-con e-child\" data-id=\"30d68331\" data-element_type=\"container\" data-settings=\"{&quot;background_background&quot;:&quot;classic&quot;}\">\n\t\t\t\t<div class=\"elementor-element elementor-element-334f7f8 elementor-widget__width-initial elementor-widget elementor-widget-image\" data-id=\"334f7f8\" data-element_type=\"widget\" data-widget_type=\"image.default\">\n\t\t\t\t<div class=\"elementor-widget-container\">\n\t\t\t\t\t\t\t\t\t\t\t\t\t\t\t<img fetchpriority=\"high\" decoding=\"async\" width=\"407\" height=\"361\" src=\"https:\/\/laplumequiraconte.fr\/wp-content\/uploads\/2025\/04\/Plan-de-travail-4.png\" class=\"attachment-full size-full wp-image-371\" alt=\"\" srcset=\"https:\/\/laplumequiraconte.fr\/wp-content\/uploads\/2025\/04\/Plan-de-travail-4.png 407w, https:\/\/laplumequiraconte.fr\/wp-content\/uploads\/2025\/04\/Plan-de-travail-4-300x266.png 300w\" sizes=\"(max-width: 407px) 100vw, 407px\" \/>\t\t\t\t\t\t\t\t\t\t\t\t\t\t\t<\/div>\n\t\t\t\t<\/div>\n\t\t\t\t<div class=\"elementor-element elementor-element-3070ef18 elementor-widget elementor-widget-heading\" data-id=\"3070ef18\" data-element_type=\"widget\" data-widget_type=\"heading.default\">\n\t\t\t\t<div class=\"elementor-widget-container\">\n\t\t\t\t\t<h1 class=\"elementor-heading-title elementor-size-default\">Contactez-moi<\/h1>\t\t\t\t<\/div>\n\t\t\t\t<\/div>\n\t\t\t\t<div class=\"elementor-element elementor-element-38f71cec elementor-widget elementor-widget-heading\" data-id=\"38f71cec\" data-element_type=\"widget\" data-widget_type=\"heading.default\">\n\t\t\t\t<div class=\"elementor-widget-container\">\n\t\t\t\t\t<p class=\"elementor-heading-title elementor-size-default\">Une question, une envie de papoter ?\n\nN\u2019h\u00e9site pas \u00e0 me contacter, je serai ravie d\u2019\u00e9changer avec toi, que ce soit pour un simple bonjour, un retour sur le blog ou toute autre id\u00e9e \u00e0 partager !<\/p>\t\t\t\t<\/div>\n\t\t\t\t<\/div>\n\t\t\t\t<\/div>\n\t\t<div class=\"elementor-element elementor-element-4883e5f e-con-full e-flex e-con e-child\" data-id=\"4883e5f\" data-element_type=\"container\">\n\t\t\t\t<div class=\"elementor-element elementor-element-3a8b7156 elementor-button-align-start elementor-tablet-button-align-center elementor-widget elementor-widget-form\" data-id=\"3a8b7156\" data-element_type=\"widget\" data-settings=\"{&quot;step_next_label&quot;:&quot;Suivant&quot;,&quot;step_previous_label&quot;:&quot;Pr\\u00e9c\\u00e9dent&quot;,&quot;button_width&quot;:&quot;100&quot;,&quot;step_type&quot;:&quot;number_text&quot;,&quot;step_icon_shape&quot;:&quot;circle&quot;}\" data-widget_type=\"form.default\">\n\t\t\t\t<div class=\"elementor-widget-container\">\n\t\t\t\t\t\t\t<form class=\"elementor-form\" method=\"post\" name=\"Contact Form\">\n\t\t\t<input type=\"hidden\" name=\"post_id\" value=\"355\"\/>\n\t\t\t<input type=\"hidden\" name=\"form_id\" value=\"3a8b7156\"\/>\n\t\t\t<input type=\"hidden\" name=\"referer_title\" value=\"Contact - La plume qui raconte\" \/>\n\n\t\t\t\t\t\t\t<input type=\"hidden\" name=\"queried_id\" value=\"355\"\/>\n\t\t\t\n\t\t\t<div class=\"elementor-form-fields-wrapper elementor-labels-\">\n\t\t\t\t\t\t\t\t<div class=\"elementor-field-type-text elementor-field-group elementor-column elementor-field-group-name elementor-col-50 elementor-field-required\">\n\t\t\t\t\t\t\t\t\t\t\t\t<label for=\"form-field-name\" class=\"elementor-field-label elementor-screen-only\">\n\t\t\t\t\t\t\t\tPr\u00e9nom\t\t\t\t\t\t\t<\/label>\n\t\t\t\t\t\t\t\t\t\t\t\t\t\t<input size=\"1\" type=\"text\" name=\"form_fields[name]\" id=\"form-field-name\" class=\"elementor-field elementor-size-sm  elementor-field-textual\" placeholder=\"Pr\u00e9nom\" required=\"required\">\n\t\t\t\t\t\t\t\t\t\t\t<\/div>\n\t\t\t\t\t\t\t\t<div class=\"elementor-field-type-text elementor-field-group elementor-column elementor-field-group-field_b743cd7 elementor-col-50 elementor-field-required\">\n\t\t\t\t\t\t\t\t\t\t\t\t<label for=\"form-field-field_b743cd7\" class=\"elementor-field-label elementor-screen-only\">\n\t\t\t\t\t\t\t\tNom\t\t\t\t\t\t\t<\/label>\n\t\t\t\t\t\t\t\t\t\t\t\t\t\t<input size=\"1\" type=\"text\" name=\"form_fields[field_b743cd7]\" id=\"form-field-field_b743cd7\" class=\"elementor-field elementor-size-sm  elementor-field-textual\" placeholder=\"Nom\" required=\"required\">\n\t\t\t\t\t\t\t\t\t\t\t<\/div>\n\t\t\t\t\t\t\t\t<div class=\"elementor-field-type-email elementor-field-group elementor-column elementor-field-group-email elementor-col-50 elementor-field-required\">\n\t\t\t\t\t\t\t\t\t\t\t\t<label for=\"form-field-email\" class=\"elementor-field-label elementor-screen-only\">\n\t\t\t\t\t\t\t\tEmail\t\t\t\t\t\t\t<\/label>\n\t\t\t\t\t\t\t\t\t\t\t\t\t\t<input size=\"1\" type=\"email\" name=\"form_fields[email]\" id=\"form-field-email\" class=\"elementor-field elementor-size-sm  elementor-field-textual\" placeholder=\"Email*\" required=\"required\">\n\t\t\t\t\t\t\t\t\t\t\t<\/div>\n\t\t\t\t\t\t\t\t<div class=\"elementor-field-type-textarea elementor-field-group elementor-column elementor-field-group-message elementor-col-100\">\n\t\t\t\t\t\t\t\t\t\t\t\t<label for=\"form-field-message\" class=\"elementor-field-label elementor-screen-only\">\n\t\t\t\t\t\t\t\tMessage\t\t\t\t\t\t\t<\/label>\n\t\t\t\t\t\t<textarea class=\"elementor-field-textual elementor-field  elementor-size-sm\" name=\"form_fields[message]\" id=\"form-field-message\" rows=\"4\" placeholder=\"Message\"><\/textarea>\t\t\t\t<\/div>\n\t\t\t\t\t\t\t\t<div class=\"elementor-field-group elementor-column elementor-field-type-submit elementor-col-100 e-form__buttons\">\n\t\t\t\t\t<button class=\"elementor-button elementor-size-sm\" type=\"submit\">\n\t\t\t\t\t\t<span class=\"elementor-button-content-wrapper\">\n\t\t\t\t\t\t\t\t\t\t\t\t\t\t\t\t\t\t\t\t\t\t<span class=\"elementor-button-text\">Envoyer<\/span>\n\t\t\t\t\t\t\t\t\t\t\t\t\t<\/span>\n\t\t\t\t\t<\/button>\n\t\t\t\t<\/div>\n\t\t\t<\/div>\n\t\t<\/form>\n\t\t\t\t\t\t<\/div>\n\t\t\t\t<\/div>\n\t\t\t\t<\/div>\n\t\t\t\t<\/div>\n\t\t\t\t<\/div>\n\t\t","protected":false},"excerpt":{"rendered":"<p>La plume qui raconte Bienvenue dans un coin d\u2019\u00e9criture sans \u00e9tiquettes, o\u00f9 je partage\u00a0ce qui me touche, m\u2019amuse ou me fait r\u00e9fl\u00e9chir, au fil des jours et des envies. Contactez-moi Une question, une envie de papoter ? N\u2019h\u00e9site pas \u00e0 me contacter, je serai ravie d\u2019\u00e9changer avec toi, que ce soit pour un simple bonjour, [&hellip;]<\/p>\n","protected":false},"author":1,"featured_media":0,"parent":0,"menu_order":0,"comment_status":"closed","ping_status":"closed","template":"","meta":{"footnotes":""},"class_list":["post-355","page","type-page","status-publish","hentry"],"yoast_head":"<!-- This site is optimized with the Yoast SEO plugin v25.5 - https:\/\/yoast.com\/wordpress\/plugins\/seo\/ -->\n<title>Contact - La plume qui raconte<\/title>\n<meta name=\"robots\" content=\"index, follow, max-snippet:-1, max-image-preview:large, max-video-preview:-1\" \/>\n<link rel=\"canonical\" href=\"https:\/\/laplumequiraconte.fr\/index.php\/revue-litteraire-2-2\/\" \/>\n<meta property=\"og:locale\" content=\"fr_FR\" \/>\n<meta property=\"og:type\" content=\"article\" \/>\n<meta property=\"og:title\" content=\"Contact - La plume qui raconte\" \/>\n<meta property=\"og:description\" content=\"La plume qui raconte Bienvenue dans un coin d\u2019\u00e9criture sans \u00e9tiquettes, o\u00f9 je partage\u00a0ce qui me touche, m\u2019amuse ou me fait r\u00e9fl\u00e9chir, au fil des jours et des envies. Contactez-moi Une question, une envie de papoter ? N\u2019h\u00e9site pas \u00e0 me contacter, je serai ravie d\u2019\u00e9changer avec toi, que ce soit pour un simple bonjour, [&hellip;]\" \/>\n<meta property=\"og:url\" content=\"https:\/\/laplumequiraconte.fr\/index.php\/revue-litteraire-2-2\/\" \/>\n<meta property=\"og:site_name\" content=\"La plume qui raconte\" \/>\n<meta property=\"article:modified_time\" content=\"2025-06-18T13:42:38+00:00\" \/>\n<meta property=\"og:image\" content=\"https:\/\/laplumequiraconte.fr\/wp-content\/uploads\/2025\/04\/Plan-de-travail-4.png\" \/>\n\t<meta property=\"og:image:width\" content=\"407\" \/>\n\t<meta property=\"og:image:height\" content=\"361\" \/>\n\t<meta property=\"og:image:type\" content=\"image\/png\" \/>\n<meta name=\"twitter:card\" content=\"summary_large_image\" \/>\n<meta name=\"twitter:label1\" content=\"Dur\u00e9e de lecture estim\u00e9e\" \/>\n\t<meta name=\"twitter:data1\" content=\"1 minute\" \/>\n<script type=\"application\/ld+json\" class=\"yoast-schema-graph\">{\"@context\":\"https:\/\/schema.org\",\"@graph\":[{\"@type\":\"WebPage\",\"@id\":\"https:\/\/laplumequiraconte.fr\/index.php\/revue-litteraire-2-2\/\",\"url\":\"https:\/\/laplumequiraconte.fr\/index.php\/revue-litteraire-2-2\/\",\"name\":\"Contact - La plume qui raconte\",\"isPartOf\":{\"@id\":\"https:\/\/laplumequiraconte.fr\/#website\"},\"primaryImageOfPage\":{\"@id\":\"https:\/\/laplumequiraconte.fr\/index.php\/revue-litteraire-2-2\/#primaryimage\"},\"image\":{\"@id\":\"https:\/\/laplumequiraconte.fr\/index.php\/revue-litteraire-2-2\/#primaryimage\"},\"thumbnailUrl\":\"https:\/\/laplumequiraconte.fr\/wp-content\/uploads\/2025\/04\/Plan-de-travail-4.png\",\"datePublished\":\"2025-04-18T08:09:03+00:00\",\"dateModified\":\"2025-06-18T13:42:38+00:00\",\"breadcrumb\":{\"@id\":\"https:\/\/laplumequiraconte.fr\/index.php\/revue-litteraire-2-2\/#breadcrumb\"},\"inLanguage\":\"fr-FR\",\"potentialAction\":[{\"@type\":\"ReadAction\",\"target\":[\"https:\/\/laplumequiraconte.fr\/index.php\/revue-litteraire-2-2\/\"]}]},{\"@type\":\"ImageObject\",\"inLanguage\":\"fr-FR\",\"@id\":\"https:\/\/laplumequiraconte.fr\/index.php\/revue-litteraire-2-2\/#primaryimage\",\"url\":\"https:\/\/laplumequiraconte.fr\/wp-content\/uploads\/2025\/04\/Plan-de-travail-4.png\",\"contentUrl\":\"https:\/\/laplumequiraconte.fr\/wp-content\/uploads\/2025\/04\/Plan-de-travail-4.png\",\"width\":407,\"height\":361},{\"@type\":\"BreadcrumbList\",\"@id\":\"https:\/\/laplumequiraconte.fr\/index.php\/revue-litteraire-2-2\/#breadcrumb\",\"itemListElement\":[{\"@type\":\"ListItem\",\"position\":1,\"name\":\"Accueil\",\"item\":\"https:\/\/laplumequiraconte.fr\/\"},{\"@type\":\"ListItem\",\"position\":2,\"name\":\"Contact\"}]},{\"@type\":\"WebSite\",\"@id\":\"https:\/\/laplumequiraconte.fr\/#website\",\"url\":\"https:\/\/laplumequiraconte.fr\/\",\"name\":\"La plume qui raconte\",\"description\":\"Un blog guid\u00e9 par la curiosit\u00e9, au fil de mes d\u00e9couvertes\",\"publisher\":{\"@id\":\"https:\/\/laplumequiraconte.fr\/#organization\"},\"potentialAction\":[{\"@type\":\"SearchAction\",\"target\":{\"@type\":\"EntryPoint\",\"urlTemplate\":\"https:\/\/laplumequiraconte.fr\/?s={search_term_string}\"},\"query-input\":{\"@type\":\"PropertyValueSpecification\",\"valueRequired\":true,\"valueName\":\"search_term_string\"}}],\"inLanguage\":\"fr-FR\"},{\"@type\":\"Organization\",\"@id\":\"https:\/\/laplumequiraconte.fr\/#organization\",\"name\":\"La plume qui raconte\",\"url\":\"https:\/\/laplumequiraconte.fr\/\",\"logo\":{\"@type\":\"ImageObject\",\"inLanguage\":\"fr-FR\",\"@id\":\"https:\/\/laplumequiraconte.fr\/#\/schema\/logo\/image\/\",\"url\":\"https:\/\/laplumequiraconte.fr\/wp-content\/uploads\/2025\/04\/cropped-logo-@3x.png\",\"contentUrl\":\"https:\/\/laplumequiraconte.fr\/wp-content\/uploads\/2025\/04\/cropped-logo-@3x.png\",\"width\":333,\"height\":332,\"caption\":\"La plume qui raconte\"},\"image\":{\"@id\":\"https:\/\/laplumequiraconte.fr\/#\/schema\/logo\/image\/\"}}]}<\/script>\n<!-- \/ Yoast SEO plugin. -->","yoast_head_json":{"title":"Contact - La plume qui raconte","robots":{"index":"index","follow":"follow","max-snippet":"max-snippet:-1","max-image-preview":"max-image-preview:large","max-video-preview":"max-video-preview:-1"},"canonical":"https:\/\/laplumequiraconte.fr\/index.php\/revue-litteraire-2-2\/","og_locale":"fr_FR","og_type":"article","og_title":"Contact - La plume qui raconte","og_description":"La plume qui raconte Bienvenue dans un coin d\u2019\u00e9criture sans \u00e9tiquettes, o\u00f9 je partage\u00a0ce qui me touche, m\u2019amuse ou me fait r\u00e9fl\u00e9chir, au fil des jours et des envies. Contactez-moi Une question, une envie de papoter ? N\u2019h\u00e9site pas \u00e0 me contacter, je serai ravie d\u2019\u00e9changer avec toi, que ce soit pour un simple bonjour, [&hellip;]","og_url":"https:\/\/laplumequiraconte.fr\/index.php\/revue-litteraire-2-2\/","og_site_name":"La plume qui raconte","article_modified_time":"2025-06-18T13:42:38+00:00","og_image":[{"width":407,"height":361,"url":"https:\/\/laplumequiraconte.fr\/wp-content\/uploads\/2025\/04\/Plan-de-travail-4.png","type":"image\/png"}],"twitter_card":"summary_large_image","twitter_misc":{"Dur\u00e9e de lecture estim\u00e9e":"1 minute"},"schema":{"@context":"https:\/\/schema.org","@graph":[{"@type":"WebPage","@id":"https:\/\/laplumequiraconte.fr\/index.php\/revue-litteraire-2-2\/","url":"https:\/\/laplumequiraconte.fr\/index.php\/revue-litteraire-2-2\/","name":"Contact - La plume qui raconte","isPartOf":{"@id":"https:\/\/laplumequiraconte.fr\/#website"},"primaryImageOfPage":{"@id":"https:\/\/laplumequiraconte.fr\/index.php\/revue-litteraire-2-2\/#primaryimage"},"image":{"@id":"https:\/\/laplumequiraconte.fr\/index.php\/revue-litteraire-2-2\/#primaryimage"},"thumbnailUrl":"https:\/\/laplumequiraconte.fr\/wp-content\/uploads\/2025\/04\/Plan-de-travail-4.png","datePublished":"2025-04-18T08:09:03+00:00","dateModified":"2025-06-18T13:42:38+00:00","breadcrumb":{"@id":"https:\/\/laplumequiraconte.fr\/index.php\/revue-litteraire-2-2\/#breadcrumb"},"inLanguage":"fr-FR","potentialAction":[{"@type":"ReadAction","target":["https:\/\/laplumequiraconte.fr\/index.php\/revue-litteraire-2-2\/"]}]},{"@type":"ImageObject","inLanguage":"fr-FR","@id":"https:\/\/laplumequiraconte.fr\/index.php\/revue-litteraire-2-2\/#primaryimage","url":"https:\/\/laplumequiraconte.fr\/wp-content\/uploads\/2025\/04\/Plan-de-travail-4.png","contentUrl":"https:\/\/laplumequiraconte.fr\/wp-content\/uploads\/2025\/04\/Plan-de-travail-4.png","width":407,"height":361},{"@type":"BreadcrumbList","@id":"https:\/\/laplumequiraconte.fr\/index.php\/revue-litteraire-2-2\/#breadcrumb","itemListElement":[{"@type":"ListItem","position":1,"name":"Accueil","item":"https:\/\/laplumequiraconte.fr\/"},{"@type":"ListItem","position":2,"name":"Contact"}]},{"@type":"WebSite","@id":"https:\/\/laplumequiraconte.fr\/#website","url":"https:\/\/laplumequiraconte.fr\/","name":"La plume qui raconte","description":"Un blog guid\u00e9 par la curiosit\u00e9, au fil de mes d\u00e9couvertes","publisher":{"@id":"https:\/\/laplumequiraconte.fr\/#organization"},"potentialAction":[{"@type":"SearchAction","target":{"@type":"EntryPoint","urlTemplate":"https:\/\/laplumequiraconte.fr\/?s={search_term_string}"},"query-input":{"@type":"PropertyValueSpecification","valueRequired":true,"valueName":"search_term_string"}}],"inLanguage":"fr-FR"},{"@type":"Organization","@id":"https:\/\/laplumequiraconte.fr\/#organization","name":"La plume qui raconte","url":"https:\/\/laplumequiraconte.fr\/","logo":{"@type":"ImageObject","inLanguage":"fr-FR","@id":"https:\/\/laplumequiraconte.fr\/#\/schema\/logo\/image\/","url":"https:\/\/laplumequiraconte.fr\/wp-content\/uploads\/2025\/04\/cropped-logo-@3x.png","contentUrl":"https:\/\/laplumequiraconte.fr\/wp-content\/uploads\/2025\/04\/cropped-logo-@3x.png","width":333,"height":332,"caption":"La plume qui raconte"},"image":{"@id":"https:\/\/laplumequiraconte.fr\/#\/schema\/logo\/image\/"}}]}},"_links":{"self":[{"href":"https:\/\/laplumequiraconte.fr\/index.php\/wp-json\/wp\/v2\/pages\/355","targetHints":{"allow":["GET"]}}],"collection":[{"href":"https:\/\/laplumequiraconte.fr\/index.php\/wp-json\/wp\/v2\/pages"}],"about":[{"href":"https:\/\/laplumequiraconte.fr\/index.php\/wp-json\/wp\/v2\/types\/page"}],"author":[{"embeddable":true,"href":"https:\/\/laplumequiraconte.fr\/index.php\/wp-json\/wp\/v2\/users\/1"}],"replies":[{"embeddable":true,"href":"https:\/\/laplumequiraconte.fr\/index.php\/wp-json\/wp\/v2\/comments?post=355"}],"version-history":[{"count":22,"href":"https:\/\/laplumequiraconte.fr\/index.php\/wp-json\/wp\/v2\/pages\/355\/revisions"}],"predecessor-version":[{"id":1177,"href":"https:\/\/laplumequiraconte.fr\/index.php\/wp-json\/wp\/v2\/pages\/355\/revisions\/1177"}],"wp:attachment":[{"href":"https:\/\/laplumequiraconte.fr\/index.php\/wp-json\/wp\/v2\/media?parent=355"}],"curies":[{"name":"wp","href":"https:\/\/api.w.org\/{rel}","templated":true}]}}